26).
461
Let s(w) = -w**2 + 241*w + 2454. Give s(-10).
-56
Let s(k) = -2*k**2 + 3882*k + 46728. Calculate s(-12).
-144
Let g(l) = -l**3 + 1261*l**2 + 30771*l + 88660. Determine g(1285).
-5
Let s(i) = -305*i + 19264. Give s(64).
-256
Let l(z) = 113360*z - 1700365. Determine l(15).
35
Let k(x) = 7*x**2 - 51*x - 421. Determine k(10).
-231
Let z(w) = w**2 - 834*w + 19174. What is z(24)?
-266
Let m(k) = k**3 + 20*k**2 - 108*k - 1405. Calculate m(-22).
3
Let f(y) = 251*y**2 + 222*y - 25. Calculate f(-4).
3103
Let j(w) = 245*w**2 - 90*w + 359. Give j(4).
3919
Let w(g) = -g**2 + 977*g + 332155. Calculate w(-267).
7
Let r(a) = 2*a**3 + 12*a**2 - 67*a - 205. Give r(-11).
-678
Let r(u) = 330174*u - 7593983. What is r(23)?
19
Let u(m) = 2*m**3 + 119*m**2 - 338*m - 1764. Calculate u(-62).
-28
Let d(f) = -62*f**2 - 430*f + 20. Calculate d(-5).
620
Let m(n) = -28*n**2 - 188*n - 97. Give m(-5).
143
Let h(l) = -244*l + 9421. Calculate h(38).
149
Let f(i) = -185*i**2 + 719*i + 1486. Calculate f(-2).
-692
Let g(z) = -7693*z - 1915558. What is g(-249)?
-1
Let x(o) = -109*o - 1817. Determine x(-22).
581
Let g(q) = -54*q**2 + 8424*q - 206. Determine g(156).
-206
Let s(c) = -3*c**2 + 2355*c - 18637. What is s(8)?
11
Let a(d) = 48041*d + 47856. Calculate a(-1).
-185
Let k(m) = 2*m**2 + 66*m - 1664. What is k(-63)?
2116
Let y(r) = -276*r**2 - 13230*r + 860. What is y(-48)?
-4
Let b(z) = -z**3 - 350*z**2 - 1851*z - 43472. Determine b(-345).
-2
Let t(w) = 2793*w - 267966. Give t(96).
162
Let h(q) = -22*q**3 + 23*q**2 + 97*q - 191. Determine h(2).
-81
Let r(m) = -4*m**2 - 3078*m + 451344. Calculate r(126).
12
Let d(l) = -7411*l + 303811. Calculate d(41).
-40
Let x(k) = -k**3 + 19*k**2 + 1258*k - 12267. What is x(42)?
-3
Let j(o) = o**2 - 291*o + 21054. Give j(150).
-96
Let i(y) = -3935*y - 377381. Determine i(-96).
379
Let s(v) = -327*v**3 - 3912*v**2 + 145*v + 1. Determine s(-12).
-11
Let l(t) = -t**3 - 18*t**2 - 4313*t - 55202. What is l(-13)?
22
Let x(i) = i**3 + 6*i**2 - 225*i + 2605. What is x(12)?
2497
Let x(y) = 24876*y + 646934. What is x(-26)?
158
Let q(p) = -2*p**2 + 794*p + 1903235. Determine q(-797).
-1
Let k(d) = -58*d**2 + 15*d - 46. Calculate k(3).
-523
Let o(g) = -57311*g - 458476. Determine o(-8).
12
Let f(q) = -16*q**2 + 124*q - 603. Calculate f(5).
-383
Let b(s) = -4*s**3 + 108*s**2 - 210*s + 229. What is b(25)?
-21
Let i(r) = -5*r**3 + 4*r**2 + r - 20. What is i(5)?
-540
Let b(r) = -1271*r + 204637. Calculate b(161).
6
Let u(t) = -2*t**3 + 126*t**2 + 13*t - 439. Determine u(63).
380
Let w(p) = -95*p + 3735. Determine w(31).
790
Let p(z) = 2*z**3 - 26*z**2 + 1474*z + 6402. Determine p(-4).
-38
Let s(p) = 2154*p + 40510. What is s(-19)?
-416
Let k(j) = -210500*j + 2946989. Determine k(14).
-11
Let w(x) = -x**2 - 888*x + 83791. Determine w(85).
1086
Let r(s) = 76*s**2 - 1081*s + 4357. Give r(7).
514
Let o(r) = 12*r**2 + 211*r - 4662. What is o(13)?
109
Let w(y) = 264*y**2 - 3954*y - 107. What is w(15)?
-17
Let o(s) = s**3 - 13*s**2 + 59*s + 28. Calculate o(5).
123
Let u(p) = p**2 + 8249*p + 11612820. Give u(-1801).
-28
Let i(r) = -5*r**2 - 460*r - 2762. Determine i(-6).
-182
Let l(h) = -48577*h - 3594674. Give l(-74).
24
Let q(r) = 12100*r + 617107. Give q(-51).
7
Let p(z) = z**3 + 86*z**2 - 2641*z - 159. Determine p(-110).
-49
Let j(k) = -k**3 + 44*k**2 + 743*k + 76. Determine j(57).
190
Let l(k) = -k**3 - 77*k**2 - 608*k - 28. Give l(-68).
-300
Let r(o) = -6187*o - 389768. Give r(-63).
13
Let b(v) = -2*v**3 - 104*v**2 - 1265*v - 151. Give b(-33).
212
Let t(h) = -111063*h + 6441641. What is t(58)?
-13
Let m(i) = -10*i**2 + 1438*i + 78492. What is m(186)?
0
Let x(f) = -1286*f + 7638. Determine x(9).
-3936
Let f(c) = -2*c**3 - 715*c**2 - 25117*c + 674. Calculate f(-318).
-916
Let i(r) = r**2 + 2445*r + 55780. Determine i(-23).
74
Let o(c) = c**2 - 101*c + 1638. Give o(44).
-870
Let o(b) = -2*b**2 - 75752*b + 151537. Determine o(2).
25
Let o(q) = -5*q**3 + 43*q**2 - 204*q + 557. What is o(5)?
-13
Let g(w) = -301*w - 37956. What is g(-133)?
2077
Let j(n) = 94*n + 1788. Give j(-28).
-844
Let q(w) = -3686*w + 18446. Determine q(5).
16
Let k(d) = d**3 - 73*d**2 - 421*d - 11216. Determine k(80).
-96
Let j(k) = -8*k**2 + 818*k - 536. Determine j(102).
-332
Let d(m) = -m**3 - 153*m**2 + 169*m + 2479. Calculate d(-154).
169
Let g(j) = -j**3 + 9*j**2 + 56*j + 24. Calculate g(7).
514
Let r(o) = -367*o**2 + 70465*o - 137. Calculate r(192).
55
Let y(z) = 1417*z + 2441. Give y(-2).
-393
Let q(x) = -x**2 + 194*x - 1561. What is q(9)?
104
Let s(t) = -47*t**2 + 490*t + 25323. Give s(29).
6
Let v(w) = -1789*w + 173506. Determine v(97).
-27
Let y(f) = f**3 + 8*f**2 - 322*f + 250. Give y(14).
54
Let m(i) = 14*i**2 - 130*i + 146. Calculate m(18).
2342
Let j(k) = 333*k**2 + 1329*k - 2652. Calculate j(2).
1338
Let z(f) = -14*f**3 - 645*f**2 - 181*f + 70. Determine z(-46).
6280
Let x(z) = -1199*z + 72045. What is x(60)?
105
Let b(g) = 2533*g + 73294. Give b(-29).
-163
Let w(g) = g**3 + 3*g**2 + 10*g + 263. Give w(-7).
-3
Let z(g) = 2939*g - 749449. What is z(255)?
-4
Let b(q) = 4*q**2 - 592*q - 9081. Determine b(162).
-9
Let o(h) = -440*h - 27203. Calculate o(-62).
77
Let h(r) = 22728*r - 227276. Determine h(10).
4
Let z(x) = 4*x**3 + 61*x**2 - 509*x - 550. Give z(-21).
-4
Let p(y) = y**3 - 36*y**2 + 249*y + 31. Give p(25).
-619
Let n(c) = -11*c**2 + 237*c - 1260. Calculate n(8).
-68
Let s(z) = z**3 + 108*z**2 - 1470*z - 196153. Calculate s(-104).
-9
Let j(x) = 3*x**3 - 81*x**2 + 286*x + 5. Calculate j(5).
-215
Let p(d) = -2*d**2 - 343*d - 4330. What is p(-157)?
223
Let b(x) = 1571*x + 55551. What is b(-36)?
-1005
Let i(s) = 61461*s + 20405046. Determine i(-332).
-6
Let o(u) = 42356*u + 127088. Calculate o(-3).
20
Let c(j) = 2339*j - 19972. Give c(8).
-1260
Let o(l) = -50791*l + 660281. Give o(13).
-2
Let n(l) = 4*l**2 + 833*l + 10894. Determine n(-14).
16
Let v(a) = 3*a**2 + 109*a + 212. Give v(-38).
402
Let w(q) = 3*q**2 - 13368*q + 80142. What is w(6)?
42
Let n(h) = 31*h**2 - 325*h + 816. Give n(7).
60
Let m(d) = 768*d**2 - 71*d - 5. Calculate m(0).
-5
Let u(i) = 27376*i + 54549. What is u(-2)?
-203
Let q(p) = 12949*p - 971137. What is q(75)?
38
Let o(x) = 2697*x - 6097. What is o(2)?
-703
Let u(a) = -a**2 + 2311*a - 730673. What is u(378)?
1
Let i(o) = -13*o**3 - 82*o**2 - 325*o - 256. Determine i(-3).
332
Let u(g) = -g**2 + 288*g + 308. What is u(0)?
308
Let w(o) = 1642*o**2 - 9496*o + 3. Calculate w(6).
2139
Let o(s) = -2*s**3 + 533*s**2 - 287*s + 5583. What is o(266)?
-3
Let a(t) = -t**3 - 460*t**2 + 1384*t + 32. Calculate a(3).
17
Let m(q) = -10122*q**2 + 192322*q - 61. Calculate m(19).
15
Let l(g) = 20*g**3 + 1261*g**2 + 71*g + 411. Calculate l(-63).
-93
Let u(s) = 2*s**2 - 188*s + 2127. What is u(13)?
21
Let y(h) = -6*h**2 + 825*h - 110. Calculate y(-8).
-7094
Let c(o) = 67*o**3 + 9*o**2 - o - 6. Determine c(1).
69
Let n(v) = -189*v**2 - 2111*v - 121. Calculate n(-11).
231
Let a(r) = -38*r**2 - 10737*r + 10737. Give a(1).
-38
Let f(u) = -409*u - 12250. Determine f(-30).
20
Let x(b) = 15*b**2 + 257*b - 36. What is x(-18)?
198
Let z(u) = -u**3 - 45*u**2 - 205*u - 237. Give z(-40).
-37
Let j(n) = 2*n**3 - 670*n**2 - 5488*n + 45. Give j(343).
45
Let z(x) = -x**3 - 32*x**2 + 743*x + 17869. Give z(-18).
-41
Let j(x) = x**3 + 25*x**2 + 20*x - 1577. What is j(-20)?
23
Let r(f) = 3395*f + 37134. Determine r(-11).
-211
Let b(v) = -56*v**3 + 294*v**2 - 41*v + 106. Give b(5).
251
Let q(f) = -21268*f + 1956655. Determine q(92).
-1
Let q(p) = 8*p**2 - 877*p - 6204. Calculate q(-7).
327
Let w(p) = p**2 - 22*p - 139798. Give w(-363).
-43
Let t(p) = -4*p**3 + 3*p**2 + 16*p - 107. Determine t(4).
-251
Let j(w) = 2188*w - 1884. Calculate j(1).
304
Let g(y) = -2*y**2 - 6984*y - 41830. Determine g(-6).
2
Let r(b) = 4*b**2 + 11396*b + 45529. Give r(-4).
9
Let z(b) = 475*b**2 + 6088*b - 1128. Give z(-13).
3
Let y(q) = -5*q**3 + 1251*q**2 - 1505*q + 2319. Calculate y(249).
-420
Let y(j) = -15047*j - 28198062. What is y(-1874)?
16
Let r(s) = -355*s**3 - 84*s**2 - 65*s + 20. Calculate r(-1).
356
Let i(t) = 123691*t + 247371. Determine i(-2).
-11
Let m(q) = -31617*q + 31900. Calculate m(1).
283
Let d(n) = -35476*n + 7485436. Calculate d(211).
0
Let g(w) = -977*w - 206012. Determine g(-211).